 What are the prime factors of i?
2, 3, 29
Let s(t) be the first derivative of -t**2/2 + 7*t - 2. Let m be s(-5). Suppose -6*r + 2*r = -m, 57 = z + 5*r. List the prime factors of z.
2, 3, 7
Let g(f) = 8*f - 13. List the prime factors of g(3).
11
Let x be (8/2)/(2/(-3)). List the prime factors of x/(-27) + 1310/18.
73
Let k(r) = 2*r**2 + 17*r - 7. Let c be k(-9). Suppose -c*w + 16 = -2*m, 3*m - 4 = 5*m. List the prime factors of w.
2, 3
Suppose 0 = -b - b + 3*j + 1949, 3*j - 3907 = -4*b. What are the prime factors of b?
2, 61
Let j(y) = -330*y - 2. Let q be j(-1). Suppose -5*m = -m - q. List the prime factors of m.
2, 41
Suppose 2*f - 29 = 329. Let t = f - 86. What are the prime factors of t?
3, 31
Let z = 615 + -409. Suppose -3*g + 209 = -c - 4*c, -2*c - z = -3*g. What are the prime factors of g?
2, 17
Let q = 6 - 12. Let v(x) = -x**3 - 4*x**2 + 9*x + 15. List the prime factors of v(q).
3, 11
Let b = -1 - -4. Suppose 2 = b*h - 4. List the prime factors of 6/h + 48/6.
11
Let q(k) = k**3 + 4*k**2 - 3*k - 12. List the prime factors of q(7).
2, 11, 23
Suppose 4*d = -1 + 21. Suppose -62 = -3*s - d. Suppose 0*z + s = z. List the prime factors of z.
19
Let h(s) = -2*s + 26. Let m be h(11). Suppose -3*n - 4*z + 318 = 0, m*z + 245 + 285 = 5*n. What are the prime factors of n?
2, 53
Let c be (-16)/(-20) + (-84)/(-20). Suppose 0 = 3*z - 0*x - c*x - 119, 2*z - 5*x = 81. List the prime factors of z.
2, 19
Suppose -4*g + 3 = -3*g. Suppose 15 = -g*d, 2*d + 2*d - 18 = -t. Let h = 1 + t. List the prime factors of h.
3, 13
Suppose -2*o + 1 - 3 = 0, -4*h = 3*o - 24237. List the prime factors of h.
2, 3, 5, 101
Let k = -4 - -3. Let y = 31 + k. What are the prime factors of y?
2, 3, 5
Let t(w) be the third derivative of 7/6*w**3 - 1/24*w**4 + 0 + 0*w + 4*w**2. List the prime factors of t(-8).
3, 5
Suppose b + 363 - 577 = 0. List the prime factors of b.
2, 107
Let a = -2172 - -4215. Suppose -11*r = -2*r - a. List the prime factors of r.
227
Suppose 3*y = -4*g + 2760, 3450 = 8*g - 3*g - 4*y. List the prime factors of g.
2, 3, 5, 23
Suppose -8032 = -8*a - 2824. List the prime factors of a.
3, 7, 31
Let z(d) = d**3 + 2*d**2 + d + 44. What are the prime factors of z(0)?
2, 11
Let m(z) = -z + 95. Let g = -25 - -25. List the prime factors of m(g).
5, 19
Let d(n) = -3*n - 21. Let a be d(-15). Let y = a - 11. Suppose -183 = -5*x - y. What are the prime factors of x?
2, 17
Suppose 5*i - 4 - 11 = 0. Suppose 6 = -j - i. What are the prime factors of 4*1/(-4)*j?
3
Let w = 13 + -13. Suppose -5*f + 2*s + 795 = 0, w = f - 2*s - 11 - 148. Suppose -f + 45 = -2*t - g, 0 = -t + 2*g + 57. What are the prime factors of t?
3, 19
Suppose -3*d = d - 12. Suppose y + 3*x = 4 + 49, d*x + 151 = 2*y. List the prime factors of y.
2, 17
Let w = -20 - -62. Suppose -2*x = 4*i + 98, -2*x - 45 - 30 = 3*i. Let u = w + i. What are the prime factors of u?
19
Let l = 582 + -405. Let j = l - 118. List the prime factors of j.
59
Suppose 4*s = -h + 2, 6*h - 4*s = 3*h + 6. Suppose 0 = -0*y - y - h*w + 191, 2*w + 597 = 3*y. What are the prime factors of y?
197
Suppose -4*u = 5*a + 194 + 123, -2*a - 3*u - 131 = 0. Let i = a - -119. List the prime factors of i.
2, 29
Suppose -4*o = -t + 649, 2*o = -3*t + o + 1999. What are the prime factors of t?
5, 7, 19
List the prime factors of (93/(-6))/(0 - 3/312).
2, 13, 31
Suppose i + 104 = 3*m, 5*i - 4*i - 2*m = -102. List the prime factors of (1 - 2)*(i + -8).
2, 53
Let i(w) = -w**3 - 5*w**2 + 4*w - 8. Let h be i(-6). Suppose -v - 50 = h*v. List the prime factors of (24/(-14))/(v/105).
2, 3
Let k(c) = -2*c + 4. Let i(z) = 8*z - 16. Let y(n) = 2*i(n) + 9*k(n). Let p be y(-8). Suppose -b - 2*s = -2*b - 2, 4*b - s = p. What are the prime factors of b?
2, 3
Suppose -c + 6*c - 2*d = 953, 0 = c + 5*d - 196. List the prime factors of c.
191
Let i = -776 - -1253. What are the prime factors of i?
3, 53
Let r(j) = j**2 + 15*j - 18. Let l be r(-19). Suppose -l = -n + 3*s, -n + 0*s = s - 50. What are the prime factors of n?
2, 13
Suppose -5*o = -12*o - 462. What are the prime factors of 757/11 - 12/o?
3, 23
Let n(u) be the third derivative of -u**6/240 + u**5/20 + u**4/12 + 7*u**2. Let t(j) be the second derivative of n(j). List the prime factors of t(-3).
3, 5
Let g = -7 + 7. Suppose g = 5*b - 4*u - 5, -4*u + 2*u - 4 = -2*b. Let h = b + 7. What are the prime factors of h?
2
Let m = 39 + -19. Let t = m - -61. What are the prime factors of t?
3
Let i(n) be the second derivative of n**4/12 + n**3/2 + 3*n**2 - 3*n. Let r be i(-4). Suppose 5*c - r*c + 30 = 0. What are the prime factors of c?
2, 3
Let g(o) = 52*o + 9. Let k be g(3). Suppose 0 = q + 5, 8*q - 3*q = 4*y - k. What are the prime factors of y?
5, 7
Let k be (-6)/(-21) - (-640)/14. Suppose -6*j - 3*z + 42 = -2*j, k = 3*j - 5*z. List the prime factors of j.
2, 3
Let o(g) = -3*g**2 + g + 1. Let c be o(-1). Let k = 7 + c. Suppose k + 4 = 2*n. List the prime factors of n.
2
Suppose -1499*l = -1490*l - 24939. List the prime factors of l.
17, 163
Suppose 4*o + 5*x = 35, 2*o - 5*x - 10 = -3*o. Suppose -2*n + 4*z + 65 = -13, -n + 39 = -o*z. What are the prime factors of n?
3, 13
What are the prime factors of -3 + 28/6*5202/119?
3, 67
Suppose -3*a - 18 = -v, 21 = 2*v - 10*a + 7*a. List the prime factors of v.
3
Suppose -2*b = 3*b - 275. Let i = b + -90. Let k = 80 + i. What are the prime factors of k?
3, 5
Let v(j) = 188*j + 2. Let h = -16 + 17. Let q be v(h). What are the prime factors of q/8 + (-24)/32?
23
Suppose -n = 3*n - 8336. Let a be n/10 + 12/(-30). List the prime factors of 1696/a - 4/26.
2
List the prime factors of (-1497)/(-13) - 42/273.
5, 23
Let s(j) = -j**3 - 19*j**2 + 53*j + 10. What are the prime factors of s(-24)?
2, 809
Suppose 8*f + 14 - 30 = 0. List the prime factors of ((-1050)/40)/(19/(-8) + f).
2, 5, 7
Let p be (-6)/15 + 88/20. List the prime factors of (4 + -3)*(p + 0).
2
Let m(x) = -x**2 + 10*x - 2. Let g(p) = -p**2 + 13*p - 4. Let t be g(12). Let j be m(t). Suppose -100 = -3*o + j. What are the prime factors of o?
2, 19
Let c(f) = 17*f**2 - 5*f - 8. What are the prime factors of c(5)?
2, 7
Let c(y) be the second derivative of -y**3/2 + y**2/2 - y. Suppose -4*f = -8 + 32. What are the prime factors of c(f)?
19
What are the prime factors of ((-19856)/(-51))/(1/(-9)*-3)?
2, 73
Let c(x) = x + 4. Let z be c(2). Suppose -2*m + 224 = z*m. List the prime factors of m.
2, 7
Let m(y) = -210*y - 34. What are the prime factors of m(-3)?
2, 149
Let y = 162 + -33. Let o = y - 87. List the prime factors of o.
2, 3, 7
Let x = -27 + 31. Let y be 1/((-2)/(-40)) - x. Suppose 14*k + 94 = y*k. What are the prime factors of k?
47
Let y(i) = -i + 5. Let b be y(4). Suppose -9 = -4*q - b. Let z(x) = -x**3 + 4*x**2 - 4*x + 2. What are the prime factors of z(q)?
2
List the prime factors of (-112)/(-1288) + 0 + 85372/46.
2, 29
Let z(w) = -5*w**2 - 17*w. Let d(t) = -t**2 - 4*t. Let f(x) = 9*d(x) - 2*z(x). Let o be f(3). What are the prime factors of 0/o - -3 - -20?
23
What are the prime factors of 314 - (3*(-12)/(-9) + 0)?
2, 5, 31
Let s be 1359/21 + 12/42. Suppose -s*n + 436 = -61*n. List the prime factors of n.
109
Let z = -810 + 1397. What are the prime factors of z?
587
Suppose -k - 10 = -3*k. Suppose -29 = -2*q + 5*u + 13, -140 = -k*q - 5*u. Suppose -27*i = -q*i - 15. List the prime factors of i.
3, 5
Let x(t) = t**3 - 4*t**2 + 5*t + 1. Let v be x(4). What are the prime factors of (-3)/2*(-1 - v)?
3, 11
What are the prime factors of (-10)/((-70)/49) - -2429?
2, 3, 7, 29
Suppose 230 = 4*o + 5*k - 89, 0 = -4*o - k + 323. Let d be (4 - (-7)/(-1)) + o. Suppose 4*f - 257 = -5*z, f + 5*z - z - d = 0. List the prime factors of f.
2, 29
List the prime factors of -1*4 - (-18)/72*13868.
3463
Suppose 5*f - 3 = 17. Suppose f*g + 10 = -46. What are the prime factors of 4/g + (-1062)/(-42)?
5
What are the prime factors of (80/(-12))/10*-474?
2, 79
Let b = 3366 - 1535. What are the prime factors of b?
1831
Let p(j) = j + 18. Let q be p(-18). Suppose -3*i + q*i = -462. List the prime factors of i.
2, 7, 11
List the prime factors of (-108)/(-12) + 2803/1.
2, 19, 37
Suppose 6*b + 6204 = 17*b. What are the prime factors of b?
2, 3, 47
List the prime factors of 21/7 + 669 + 5.
677
Let c(g) = -g - 2. Let x be c(-4). Suppose 3*i = 4*b + 213, -x*i 